Calculate the greatest common factor of k and 8.
1
Suppose -q + 13 = 2*c - c, 5*c - 3*q - 73 = 0. Suppose -t - 3*t = -8. What is the highest common divisor of t and c?
2
Let s(l) = 4*l - 2. Let b be s(-4). Let v(g) = 38*g. Let q be v(-1). Let a = b - q. What is the greatest common divisor of a and 160?
20
Let z(j) = -2*j**2 + 39*j - 22. Let q be z(16). Calculate the highest common factor of 10 and q.
10
Let v(w) = -6 - 3*w - 5*w + 0*w - 1. Let n be v(-7). What is the highest common divisor of 7 and n?
7
Suppose -3*k + 3*b = -219, 3*k - k = -2*b + 126. Let v = 178 - k. What is the highest common divisor of 10 and v?
10
Let m(k) = -k - 6. Suppose 5*i + 52 = i. Let z be m(i). What is the greatest common factor of 7 and z?
7
Let z(v) = -3*v - 13. Let g be z(-5). Calculate the highest common factor of 3 and g.
1
Suppose 0 = -a + 2 + 2. Let b = -54 + 74. Calculate the greatest common factor of a and b.
4
Suppose -s - 3*n = 3, n + 2*n + 27 = s. Let u be (4 + -3)*-3 + 5. Suppose p - 1 - u = 0, 2*o + 2*p - 102 = 0. What is the highest common factor of s and o?
12
Let k be (42/(-10))/((-2)/10). Suppose 0 = -2*w + 213 - k. Let c be 4/6 - 102/(-9). What is the highest common factor of c and w?
12
Suppose -5*o + 14 - 9 = 0. What is the highest common divisor of 11 and o?
1
Let c(a) = a**3 + 4*a**2 - 4. Let l be c(-3). Let o(f) = -f**2 + 6*f + 15. Let r be o(5). Calculate the highest common factor of l and r.
5
Suppose -4*s = -0*s. Suppose s = x - 4 - 5. What is the highest common divisor of 36 and x?
9
Let j be 64/6*30/20. Calculate the greatest common divisor of j and 2.
2
Let s be (-49)/(-4) - 3/12. Let w(l) = -l - 9. Let h be w(-8). Let r be (-4 + 5)*(-36)/h. What is the highest common divisor of r and s?
12
Suppose 0*j - 8 = -j. What is the highest common divisor of j and 8?
8
Let s be 6/((-1)/(-18)*4). Let x = s - 7. Let l = 5 + x. What is the greatest common factor of 5 and l?
5
Let p = -18 - -20. Calculate the highest common divisor of 14 and p.
2
Let g be (3 + -2)*(5 + 9). Suppose -4*w + r = -169, w + 2*r - 39 - 1 = 0. What is the highest common divisor of g and w?
14
Suppose 2*w - q = 95, -q = -4*w + 26 + 165. What is the highest common factor of w and 24?
24
Let j(i) = -i**2 - 7*i + 10. Let x be j(-8). Suppose x*g - 84 = -g. Calculate the greatest common factor of g and 4.
4
Suppose 0 = -3*d + o + 57, d - 2*d + 33 = -5*o. Calculate the greatest common divisor of 144 and d.
18
Suppose -2*j + 9 = j. Suppose -2*i = -j*t + 89, -2*t + 60 = 4*i - 26. What is the greatest common divisor of 132 and t?
33
Let h = 13 - -17. Calculate the highest common divisor of h and 20.
10
Suppose 0 = -5*s - 2*u - 2*u + 28, 4*s + 2*u - 20 = 0. Suppose -2 = s*n - 5*n. Suppose 5*g - 3*g = n. What is the greatest common factor of 8 and g?
1
Let y(t) = t**2 - 6*t - 5. Let u be y(7). Let g be (-1)/(-2)*-1 - 675/(-30). What is the highest common divisor of g and u?
2
Let g be 36/(-42)*(1 - 15). Suppose -248 = -i - 0*i. Let t = -116 + i. What is the highest common factor of g and t?
12
Let x be (2/(-4))/((-2)/1440). Suppose -u = -4*u + x. Calculate the greatest common divisor of 15 and u.
15
Suppose 21 = 2*k - 5. Calculate the greatest common divisor of k and 26.
13
Let p be (-2 - -1 - -9)/2. Let r be 2/p + 78/4. What is the greatest common divisor of 80 and r?
20
Let m be 1 + -22*(-2)/1. Suppose -3*o - 6 = -m. Let h(k) = -11*k - 2. Let j be h(-12). Calculate the highest common factor of j and o.
13
Let a = -122 - -270. Calculate the greatest common divisor of a and 37.
37
Let l(x) = 5*x**2 + 2*x - 3. Let g be l(5). Suppose -2*s = s - 36. Calculate the greatest common divisor of s and g.
12
Let x be (8 - 10)*15/(-2). Calculate the highest common divisor of x and 60.
15
Let x = -310 - -573. Suppose 4*p - x = 97. Suppose 2*g - 50 = -3*s, -g + 4*g - 84 = -5*s. What is the highest common divisor of p and s?
18
Let t be 1*3*(-6)/(-9). Suppose -t*o = 4*p - 304, 0 = 5*o - 3*p - 543 - 230. What is the highest common factor of 14 and o?
14
Suppose 5 + 22 = 3*x. Calculate the greatest common divisor of 81 and x.
9
Let i be (-13 - -3)/((-2)/1). Suppose -2*t + 2*r = -2*r - 66, -i*r - 20 = 0. Calculate the greatest common divisor of t and 5.
5
Let p = -6127 - -3969. Let a be 1/5 + p/(-10). Let k = -135 + a. Calculate the highest common factor of 9 and k.
9
Suppose -4*k = -k - 4*x - 29, x = -3*k + 34. Calculate the greatest common divisor of k and 11.
11
Let x be 150/12*336/30. Calculate the highest common divisor of x and 35.
35
Suppose -4*o = -3*o - 196. Suppose 3*y + y + 4*f - o = 0, -119 = -3*y + 4*f. Let p = 49 + -31. Calculate the greatest common divisor of y and p.
9
Suppose 4 = n - 0*n. Suppose n*u - 72 - 24 = 0. What is the greatest common factor of 16 and u?
8
Suppose 0 = -5*i + 56 + 64. What is the greatest common divisor of 8 and i?
8
Let v be ((-2)/9)/(12/(-54)). Calculate the highest common divisor of 8 and v.
1
Suppose -n + 6*n = 55. Suppose 3*i - 16 = -i. Suppose 151 + 260 = i*a - 5*s, 4*a + 5*s = 381. What is the highest common factor of n and a?
11
Let z = 67 + -52. Calculate the greatest common factor of z and 45.
15
Let o(v) = 31*v**3 - 2*v**2 + 2*v - 1. Let w = 8 - 7. Let g be o(w). Let r(c) = c + 1. Let q be r(5). What is the highest common divisor of g and q?
6
Let f be (-184)/(-6) - 8/12. Let v be f/5 + 0 + 2. What is the greatest common factor of v and 2?
2
Let f(u) = 2*u**3 - u. Let p be f(2). Let z be 1326/p + 2/7. Let m(s) = 5*s**2 + s - 4. Let l be m(-3). What is the highest common divisor of z and l?
19
Let k(j) = j**2 + 2*j + 4. Let i be k(-5). Calculate the highest common factor of 209 and i.
19
Let p(t) = -t**3 + 9*t**2 + 2*t + 8. Let z be p(9). Let m be 3 + -1 + z + -2. Calculate the highest common factor of 39 and m.
13
Let f(t) = 2*t. Let q be f(4). What is the greatest common factor of q and 8?
8
Let x = -6 + 8. Suppose 5*j + x*w = 25, -13 = -4*j - 5*w + 7. Calculate the greatest common factor of j and 1.
1
Let l = 3 - -2. Let f be (42/l)/(3/40). Suppose 3*j + x - 44 = 3*x, 5*j - 2*x = 72. Calculate the greatest common divisor of j and f.
14
Let u(t) be the second derivative of t**3/6 - 5*t**2/2 - 2*t. Let g be u(5). Suppose -6*m + 4*m + 24 = g. What is the highest common divisor of m and 60?
12
Let a(c) = 3*c**2 + 9*c + 6. Let l be a(-7). Let n be 0*(-3)/9 + 36. Calculate the highest common factor of l and n.
18
Suppose 3*r + 5*y = 55, 4*r - 7*y - 50 = -2*y. Let f = 1 + 4. Calculate the greatest common factor of f and r.
5
Let v = -23 + 7. Let j be 4/v - 57/(-4). Calculate the highest common divisor of j and 154.
14
Suppose 2*z + z + 4*u - 15 = 0, -z + 5 = u. Let y(d) = -d**2 - 13*d + 19. Let v be y(-14). Calculate the highest common divisor of z and v.
5
Suppose -60*y - 9 = -61*y. What is the highest common divisor of 81 and y?
9
Let k = 2 + -2. Let r be (k - 1)/(-1) - -1. What is the highest common divisor of 18 and r?
2
Suppose -3*w + z + 4*z + 25 = 0, 0 = 3*w - 2*z - 28. What is the highest common divisor of w and 70?
10
Suppose 5*b - 2*q - 12 = 0, 5*b - 16 = 2*b - q. Let f be b - 4*(-1)/(-2). Let s be (-72)/(-5) + 8/(-20). Calculate the highest common factor of f and s.
2
Suppose -10 = 5*i - 70. Let x = -55 + 91. Calculate the highest common divisor of i and x.
12
Let i be (-1)/2 + 45/18. What is the highest common divisor of 4 and i?
2
Suppose 4*r + 4*u = 2 + 2, r + 2*u = 3. Let t(i) = -46*i - 1. Let q be t(r). Calculate the highest common divisor of q and 5.
5
Let g = 53 + -44. Calculate the highest common factor of g and 18.
9
Let o = 18 + -12. Let s(l) be the first derivative of 2*l**3/3 - l**2/2 - 6*l - 1. Let w be s(o). What is the greatest common factor of 15 and w?
15
Suppose 2*l + 5*c = 153, -336 = -5*l - 0*l + 3*c. Let z = l - 15. Calculate the highest common divisor of 6 and z.
6
Let i = 15 - 24. Let d be 30/i*(4 - 1). Let s be d/(3/(2 - 26)). Calculate the greatest common divisor of 20 and s.
20
Suppose -d - 18 = -4*d. Let h = -33 + 57. Suppose -2*j + 0*j = -h. Calculate the greatest common divisor of d and j.
6
Let o(f) = f - 3. Let a be o(4). Calculate the highest common divisor of a and 5.
1
Let t = -42 - -90. Let q = t + 73. What is the highest common factor of q and 11?
11
Let a = 8 + -6. Let n be (-5)/((-5)/12) - a. Calculate